 - -58a48?
58061
In base 16, what is -44d6c + -8?
-44d74
In base 12, what is -a339 - 6138?
-14475
In base 12, what is 104a74 + 95?
104b49
In base 13, what is b4 + -8072?
-7c8b
In base 14, what is -70994a4 - 3?
-70994a7
In base 5, what is 40304112100 - -23?
40304112123
In base 13, what is aa78 - -1ba2c?
297a7
In base 14, what is d12b11 + -12?
d12add
In base 2, what is -100 + 1101000010011100101001110?
1101000010011100101001010
In base 6, what is 225 - 25315?
-25050
In base 14, what is -14 + b1297?
b1283
In base 6, what is -35510505 - 1023?
-35511532
In base 6, what is -35000 - 11052?
-50052
In base 10, what is 1656 + 27823?
29479
In base 16, what is 0 - -65a6167?
65a6167
In base 16, what is 0 - 17d6a7?
-17d6a7
In base 2, what is 10100000110011011101000000 - 1101?
10100000110011011100110011
In base 6, what is 522431514 + 5?
522431523
In base 15, what is 1 + 9350ce?
9350d0
In base 7, what is 645655360 - -4?
645655364
In base 13, what is 130b8 - -2165?
15250
In base 9, what is 7176 + 4884?
13171
In base 9, what is 33675 + -66?
33608
In base 11, what is 8123947 + 18?
8123964
In base 2, what is -10011 + 101100011111000000?
101100011110101101
In base 14, what is 5 - -110ac5a?
110ac61
In base 9, what is 37 - -7145782?
7145830
In base 16, what is 19104 + -a7?
1905d
In base 7, what is -53306226 - 21?
-53306250
In base 10, what is 94 - 566134?
-566040
In base 13, what is -180cb + -6?
-18104
In base 6, what is 301515324154 + 5?
301515324203
In base 14, what is 1b - 559a9?
-5598c
In base 12, what is 8 + 821169?
821175
In base 4, what is -13 - 223333022130?
-223333022203
In base 9, what is -172714 - 37?
-172752
In base 11, what is -1 + 2991627?
2991626
In base 14, what is -a30 - 2b2b0?
-2bd00
In base 2, what is -111100011110111 + -100100111011100?
-1100001011010011
In base 11, what is -3a279 + -1101?
-4037a
In base 6, what is -2415531 - 145?
-2420120
In base 15, what is 71e462 - 2?
71e460
In base 6, what is 3102 - -23404?
30510
In base 13, what is a15ac8 - 9?
a15abc
In base 16, what is 226f8 + 8?
22700
In base 14, what is a36b + -1b?
a350
In base 10, what is 191441 + 58?
191499
In base 5, what is 21110033004 - 20?
21110032434
In base 11, what is 37977 + 2705?
3a581
In base 15, what is 48d - 25e?
22e
In base 11, what is 0 + -1a50115?
-1a50115
In base 13, what is 5 + 98c2c4?
98c2c9
In base 4, what is -11 + 22010033133?
22010033122
In base 8, what is 5711 - -2031?
7742
In base 8, what is -3713567 - -202?
-3713365
In base 11, what is -28749 + 166?
-28593
In base 13, what is 2c134c - 676?
2c09a6
In base 9, what is -13851 - -4863?
-7877
In base 7, what is 3 - 151610152?
-151610146
In base 2, what is 1110100101111011110 + 1010010011?
1110100111001110001
In base 16, what is beba0a - 1f?
beb9eb
In base 13, what is -2 + 1673592?
1673590
In base 7, what is 54 + 53452621?
53453005
In base 6, what is -44235123 + 42?
-44235041
In base 7, what is 1236450 + 1651?
1241431
In base 3, what is 2011101 - 110021200?
-101010022
In base 14, what is -aa5c6 + -29?
-aa611
In base 8, what is -5 - -131742507?
131742502
In base 12, what is -838691 - 6?
-838697
In base 5, what is -3324132 + -333102?
-4212234
In base 8, what is 23 + -14744043?
-14744020
In base 15, what is -c5e3 - 1ee2?
-e5d5
In base 2, what is 1000100 - 101001100011010111110111?
-101001100011010110110011
In base 3, what is 10212200200 + -10100?
10212120100
In base 13, what is -49 + -8b5487?
-8b5503
In base 13, what is -1 + -14a4644?
-14a4645
In base 14, what is -316b0973 - 6?
-316b0979
In base 13, what is -4 + 42b8588?
42b8584
In base 5, what is 133244141 - -10?
133244201
In base 6, what is 403215 + 1210?
404425
In base 9, what is 216146 + 1333?
217480
In base 15, what is e + -439cca?
-439cbb
In base 10, what is -1419 + 195793?
194374
In base 8, what is -7320445027 - 0?
-7320445027
In base 8, what is 62147144 - -4?
62147150
In base 9, what is 37660543 + -27?
37660515
In base 8, what is -64312 - -17323?
-44767
In base 10, what is -173 + -399660?
-399833
In base 13, what is -2c7 + -488840?
-488b37
In base 11, what is 502a + 82844?
87873
In base 11, what is -18252 + -874?
-19016
In base 10, what is 3 - -5936278?
5936281
In base 5, what is 1 - -24214243444?
24214244000
In base 9, what is -151 + 1850?
1688
In base 4, what is 3311100133032 - 12?
3311100133020
In base 13, what is 91 + -144a8?
-14417
In base 6, what is 152 - -11220055?
11220251
In base 4, what is -10 + -3032332230123?
-3032332230133
In base 9, what is -6563 + 363?
-6200
In base 5, what is -3 - 230334044031?
-230334044034
In base 10, what is -447 + -24505?
-24952
In base 10, what is -3955375 + -9?
-3955384
In base 11, what is 1622299 - 36?
1622263
In base 3, what is -20100101010200 + -210?
-20100101011110
In base 8, what is 14663 - -35310?
52173
In base 9, what is -22213 - 12872?
-35185
In base 9, what is 161 + -107766?
-107605
In base 4, what is -31313212121 + -110?
-31313212231
In base 12, what is -21454b1 + 33?
-214547a
In base 15, what is -704 + -b4d8?
-bbdc
In base 6, what is -211133502 - 14?
-211133520
In base 6, what is -2145135 + 1345?
-2143350
In base 16, what is 747 - 12f1?
-baa
In base 10, what is -27310668 + 4?
-27310664
In base 2, what is -11000110110 + -1001100000100001011?
-1001100011101000001
In base 7, what is 432 + -53321?
-52556
In base 16, what is -16 + -21053a9?
-21053bf
In base 9, what is 7074745 + 17?
7074763
In base 9, what is 4848775 + -5?
4848770
In base 6, what is -324 + -34250?
-35014
In base 11, what is 5 - 31706900?
-317068a6
In base 4, what is 2202323 - 2001?
2200322
In base 10, what is 15050 + 530?
15580
In base 8, what is 43 + 7255431?
7255474
In base 5, what is 1 - 20130422000?
-20130421444
In base 15, what is eb6868 + -4?
eb6864
In base 10, what is -106126 + -17?
-106143
In base 15, what is -7dd4 + -408?
-82dc
In base 2, what is 10 - 100100011101101001111?
-100100011101101001101
In base 4, what is -231131313121 - -2?
-231131313113
In base 10, what is 267 - 36948?
-36681
In base 7, what is -404541 - 305?
-405146
In base 15, what is e6e5 - -1c11?
11406
In base 11, what is -3 - -7aa1831?
7aa1829
In base 16, what is 5f8 + 1277?
186f
In base 10, what is -3 + -252721?
-252724
In base 10, what is 5163 + 4017?
9180
In base 14, what is -4 - 10456b9?
-10456bd
In base 4, what is 102122332 + -2323?
102120003
In base 5, what is -3003404 - -1423?
-3001431
In base 2, what is -101 - -1100000011001100100?
1100000011001011111
In base 8, what is 2240 + 5505?
7745
In base 3, what is -100 + 20000120201112?
20000120201012
In base 13, what is 4486195 + a?
44861a2
In base 3, what is 1 + 21000112021202?
21000112021210
In base 7, what is -142320 - -13062?
-126225
In base 2, what is -110111010001001100101 - 110?
-110111010001001101011
In base 13, what is 17152ac5 - 7?
17152abb
In base 14, what is 9 + 5042b7?
5042c2
In base 16, what is -71889b + -3?
-71889e
In base 3, what is -1002120111222020 + 1002?
-1002120111221011
In base 4, what is -11 - 32302330130?
-32302330201
In base 15, what is -1b1 + -1825c?
-1841d
In base 13, what is 3763 - 8414?
-4981
In base 13, what is -1b1478 - 222?
-1b169a
In base 2, what is 110110010000110111001 + 1111?
110110010000111001000
In base 11, what is 7169a21 + -5?
7169a17
In base 11, what is -5650856 + -3?
-5650859
In base 16, what is 23a043 - e?
23a035
In base 11, what is 11 - 1a5240a?
-1a523a9
In base 14, what is 1 + 4103006?
4103007
In base 6, what is -2330 - 414021?
-420351
In base 13, what is -59877 + 4?
-59873
In base 11, what is -466 + 21391?
20a26
In base 6, what is -2 - -21323545443?
21323545441
In base 2, what is -110011100000010000100 - -10?
-110011100000010000010
In base 15, what is -1d526 + 143?
-1d3d3
In base 10, what is -3801511 - -12?
-3801499
In base 10, what is -3823339 - -5?
-3823334
In base 4, what is -1120133000110 - -23?
-1120133000021
In base 16, what is 1b43e3 + -1?
1b43e2
In base 7, what is 253353 - 5104?
245246
In base 12, what is 6 - 170090?
-170086
In base 16, what is -15e3c + 15c?
-15ce0
In base 7, what is -32 + 364040336?
364040304
In base 7, what is 46620046 - -143?
46620222
In base 16, what is 1b05 - -9a?
1b9f
In base 8, what is -47 - -16110666?
16110617
In base 15, what is -68c90 - -156?
-68b39
In base 13, what is -5 - -318a695?
318a690
In base 14, what is 10 + -5830632?
-5830622
In base 1